, 29
Suppose 5*f - 11 = -3*c + 13, 0 = -2*c - 5*f + 16. What are the prime factors of c?
2
Suppose -y = -2*f - 241, -5*y = -f - 721 - 439. What are the prime factors of y?
3, 7, 11
Let z(n) = 2*n**2 + 4*n - 1. Let f = 5 - 2. List the prime factors of z(f).
29
Suppose 0 = r - 4*f - f - 41, 3*r = -3*f + 87. What are the prime factors of r?
31
Suppose 0 = -5*i + 158 - 18. List the prime factors of i.
2, 7
Let k = 14 - 8. List the prime factors of 6/(-4)*(-16)/k.
2
Let n(g) = -3*g. Let l be n(1). What are the prime factors of (l/(-2))/((-9)/(-24))?
2
Let a(t) be the third derivative of t**5/30 + t**4/24 - t**3/3 + 4*t**2. List the prime factors of a(-3).
13
Suppose 0 = -4*h - 2*j - 10, 5*h + 3*j + 2 = -12. Let p = -3 - h. What are the prime factors of 0 - p - 3*-3?
11
Suppose 5*a + 3*n = -0*a + 154, -4*n = -12. What are the prime factors of a?
29
Suppose 0 = 5*n - 74 - 1. Let p be (1 - (-3 - -3))*n. Suppose 3*l + 3*m = 13 + 11, -p = -5*m. List the prime factors of l.
5
Let y be (-1 - 1)*13/(-2). Let m be y + 1 + -1 + -1. Suppose 3*j - m = 12. List the prime factors of j.
2
Let q(v) = v - 5. Let t be q(7). What are the prime factors of t/3 + 91/21?
5
Let l(a) = a**3 - 5*a**2 - 5*a + 9. Let f be l(6). Suppose -4*c + 3*c = -f. Let q = -9 + c. List the prime factors of q.
2, 3
Suppose 0 = -3*m + 118 + 98. List the prime factors of m.
2, 3
Suppose -7 + 1 = -2*l. Suppose 3*o + o - 2*n - 54 = 0, 3*n = l. List the prime factors of o.
2, 7
Let u(b) = -b**3 - 7*b**2 - 8*b - 11. Let k be u(-8). Suppose k = 4*n - 7. List the prime factors of n.
31
Let h = -25 + 76. What are the prime factors of h?
3, 17
Suppose 3*t - 4*t = -2. Let i = t - -17. List the prime factors of i.
19
Let q = 10 + -9. List the prime factors of q*2 + (-1 - -19).
2, 5
Let y(u) = -u**3 - 8*u**2 + u + 2. Let n be y(-8). Let w be (2/4)/((-1)/n). Suppose w*d - 5*d = -14. List the prime factors of d.
7
Suppose -3*k - 65 = -206. List the prime factors of k.
47
Suppose -40 - 2 = -2*s. Suppose -4*k = -s - 123. What are the prime factors of k/8*(0 - -2)?
3
Suppose 0 = 5*v - 0*v - 195. Let d = v - 22. List the prime factors of d.
17
Suppose -4*o + 226 = 62. Suppose -o = -3*d - 5. List the prime factors of d.
2, 3
Let s(q) = -2*q - 9. Let h be s(-6). Let f be 6/((5 + -2)/h). What are the prime factors of 3/(-6)*6 + f?
3
Suppose -2 = 2*i - 4. Let v(w) = -2*w + 1 + 4*w + 6*w. What are the prime factors of v(i)?
3
Let h = 8 + -5. List the prime factors of h/9*4*3.
2
Suppose 14*i = 10*i + 212. List the prime factors of i.
53
Suppose 2*u - 10 = -3*u. Suppose u*d - 6*d + 20 = 0. What are the prime factors of d/(-2)*(-12)/2?
3, 5
Suppose 3*k - 26 = -11. Suppose -44 = -3*y - y. Let w = y - k. What are the prime factors of w?
2, 3
Let z(m) = m**3 + 2*m**2 - 4*m + 2. List the prime factors of z(3).
5, 7
Let z = 238 - 165. List the prime factors of z.
73
Suppose 0 = 3*m - 2 - 1. Suppose -m = -j, j - 9 - 4 = -3*i. Suppose 0*q - i*o = q, -q + 4*o + 16 = 0. What are the prime factors of q?
2
Let k = 4 - 2. Suppose 5*i + 3 = -k, -19 = -2*b - 3*i. What are the prime factors of b?
11
List the prime factors of (-16)/(-6)*1/(8/84).
2, 7
Suppose -28*m = -32*m + 340. What are the prime factors of m?
5, 17
Let u(l) = 5*l**2 - 3*l. Let h be u(2). Let w = h - -61. Suppose -w = -8*v + 3*v. What are the prime factors of v?
3, 5
Suppose -11*i = -35*i + 3696. List the prime factors of i.
2, 7, 11
Let g(m) = 3*m + 4. What are the prime factors of g(11)?
37
Let o be -1*(-1 - (0 - 0)). Let t(u) = -3*u**3 - u + 1. Let c be t(o). Let k = c + 8. What are the prime factors of k?
5
Let g = -137 + 210. What are the prime factors of g?
73
Let f be 2/(-6) + 105/(-9). Let l be 6/4*f/(-9). What are the prime factors of 13*3/(5 - l)?
13
Let c be (-12)/(-6)*26/4. Let r = -5 + c. List the prime factors of r/6*(10 - 1).
2, 3
Let r(l) = 2*l - 18. Let q be r(12). Suppose -4*o = -q*o + 84. What are the prime factors of o?
2, 3, 7
List the prime factors of -10*(-1 - (-22)/(-10)).
2
List the prime factors of (1/3)/((-8)/(-912)).
2, 19
Let d(x) = -x**2 - 11*x + 2. Let o be d(-5). Suppose 4 = -4*q + o. What are the prime factors of q?
7
Let x = 16 - 14. Suppose 0 = 5*v + 7 - 22. List the prime factors of 66/9 + x/v.
2
Let k = 12 - 7. Suppose -5*t + 35 = -5*u - 215, u = k*t - 238. List the prime factors of t.
47
Suppose -4*p - 6 = 50. Let f = -10 - p. Let c = -2 + f. What are the prime factors of c?
2
Suppose 2*t + 6 = -6. Let l = 12 + t. What are the prime factors of l?
2, 3
Let c(z) = 4*z - 3 - 2 + 1. Let p be 7 + (-1 - (2 - 0)). List the prime factors of c(p).
2, 3
Let u = 3 + -1. Let b = u + 3. List the prime factors of b.
5
Let r = -260 - -433. List the prime factors of r.
173
What are the prime factors of ((-171)/(-15))/(3/15)?
3, 19
Let z = 8 - 5. Suppose 5*w - 3*i - 61 = w, i = -z. What are the prime factors of w?
13
Let x = -9 + 13. List the prime factors of x.
2
Let y be 22/6 - (-2)/(-3). Suppose 0 = -4*k - 4, -a = -6*a - y*k + 12. Suppose -a*c - 2*c = -90. What are the prime factors of c?
2, 3
Let w be 32/20*(-10)/(-4). Suppose 0*q - 184 = w*q. List the prime factors of (-5)/(-30) - q/12.
2
Let l(x) = 3*x**3 - 4*x**2 + 6*x - 4. List the prime factors of l(3).
59
Let r(b) be the first derivative of 5 - 3 + 0 + 7*b**2. What are the prime factors of r(1)?
2, 7
Let a(q) = -2 + 3 + q + 7. Let g be a(-5). Suppose g*c - 9 - 12 = 0. List the prime factors of c.
7
Let k(b) = b. Let r(t) = -5*t - 21. Let a(y) = -4*k(y) - r(y). Let n be a(0). Suppose w - 2*d + 7*d - n = 0, 2*w - 24 = -d. List the prime factors of w.
11
Let c be (2/4)/(5/(-300)). Let j = c + 43. What are the prime factors of j?
13
Let i(w) = 4*w - 5. Let s be i(11). Suppose -s = -v - r - r, -6 = -3*r. What are the prime factors of v?
5, 7
Let f be 1 - 4 - (-5 + 3). Let r = 3 + f. What are the prime factors of r?
2
Let c = -2 + 59. List the prime factors of c.
3, 19
What are the prime factors of 4 - -1*(-45)/(-1)?
7
Let m(l) = -l**2 - 4*l + 4. Let o be m(-5). List the prime factors of 4*o*3/(-6).
2
Suppose 297*k - 292*k - 710 = 0. What are the prime factors of k?
2, 71
Let q be (-6 - -7)/((-2)/(-4)). Let i(f) = f**3 - 2*f**2 + 2*f + 1. List the prime factors of i(q).
5
Suppose a + 2*q - 99 = 0, 2*a + q = 42 + 147. What are the prime factors of a?
3, 31
Let m be ((-10)/(-4))/5*4. Let y = 42 + -9. What are the prime factors of m*(0 - y/(-6))?
11
Let p(z) = z**3 + 8*z**2 + 6*z + 8. What are the prime factors of p(-7)?
3, 5
Let f(b) = b + 36. Let y be f(-16). What are the prime factors of -10*4/y*-3?
2, 3
Suppose 21 = -2*w - w. Let n(g) be the second derivative of -g**3/6 - g**2 - 10*g. List the prime factors of n(w).
5
Let z = 24 - 14. What are the prime factors of z?
2, 5
Let w(v) = v**3 + 7*v**2 - v + 4. List the prime factors of w(-7).
11
Suppose -8 - 13 = -3*g. Suppose 2*o - 19 = g. What are the prime factors of o?
13
Let k(s) = 48*s - 5. What are the prime factors of k(3)?
139
Suppose -5*i + i + 8 = 0. Let g(d) = 2*d**2 - 4*d + 3. List the prime factors of g(i).
3
Suppose 0 = 3*l - 5*l + 12. List the prime factors of -69*(3 + (-20)/l).
23
Suppose 268 = -6*t + 8*t. List the prime factors of t.
2, 67
Suppose 3*k - 240 - 24 = 0. What are the prime factors of k?
2, 11
Let d(k) = k**2 + 12*k + 15. Let j be d(-11). Let u(w) = w + 11. Let h be u(-6). Suppose 0 = i - 1, h*q - 47 = -j*i - 13. What are the prime factors of q?
2, 3
Suppose 3*z = -2 + 5. Let r(n) = 7*n**3 - n**2 - n + 1. Let q be r(z). List the prime factors of q/9 + 48/9.
2, 3
Let r be (-2)/(-5) + 1172/20. Let z = 88 - r. What are the prime factors of z?
29
Let x = -1 + 3. Suppose x*v - 4*v - 5*m = -35, v - 17 = -3*m. Suppose v = 3*k - 4. What are the prime factors of k?
2
Let q(d) = -d**3 + 1. Let x(c) = 6*c**3 + 5*c**2 + c - 10. Let p(r) = -5*q(r) - x(r). What are the prime factors of p(-5)?
2, 5
Suppose -3*w = -2*w - 11. Let g = 2 + w. List the prime factors of g.
13
Let w(z) = 4 + 10*z - 4 - 8 - z**2. Let x be w(6). Suppose 4*y = 8 + x. List the prime factors of y.
2, 3
Let y be ((-1)/(-2))/((-2)/(-20)). Suppose -2*k = 3*p - 70, -y*k + p = 58 - 267. What are the prime factors of k?
41
Suppose 0 = -3*o - 8 + 32. What are the prime factors of o?
2
Let f(l) = 7*l**3 + 6*l**2 - 3*l + 3. Let q(v) = -v**3 - 1. Let k(c) = f(c